{"id":119,"date":"2022-11-05T19:29:12","date_gmt":"2022-11-05T19:29:12","guid":{"rendered":"https:\/\/www.pirkanmetsuri.fi\/?page_id=119"},"modified":"2022-11-07T11:28:31","modified_gmt":"2022-11-07T11:28:31","slug":"palvelut","status":"publish","type":"page","link":"https:\/\/www.pirkanmetsuri.fi\/index.php\/palvelut\/","title":{"rendered":""},"content":{"rendered":"\n<div class=\"wp-container-6 wp-block-columns\">\n<div class=\"wp-container-5 wp-block-column\" style=\"flex-basis:100%\">\n<div class=\"wp-container-4 is-content-justification-space-between wp-block-group alignwide\" style=\"padding-top:var(--wp--custom--spacing--small, 1.25rem);padding-bottom:var(--wp--custom--spacing--large, 8rem)\">\n<div class=\"wp-container-1 wp-block-group\">\n\n<h1 class=\"wp-block-site-title\"><a href=\"https:\/\/www.pirkanmetsuri.fi\" rel=\"home\" >Pirkan Metsuri<\/a><\/h1><\/div>\n\n\n<nav class=\"wp-container-3 is-content-justification-right is-responsive items-justified-right wp-block-navigation\" aria-label=\"Valikko: Otsake\"><button aria-haspopup=\"true\" aria-label=\"Avaa valikko\" class=\"wp-block-navigation__responsive-container-open \" data-micromodal-trigger=\"modal-2\"><svg width=\"24\" height=\"24\" xmlns=\"http:\/\/www.w3.org\/2000\/svg\" viewBox=\"0 0 24 24\" aria-hidden=\"true\" focusable=\"false\"><rect x=\"4\" y=\"7.5\" width=\"16\" height=\"1.5\" \/><rect x=\"4\" y=\"15\" width=\"16\" height=\"1.5\" \/><\/svg><\/button>\n\t\t\t<div class=\"wp-block-navigation__responsive-container  \" style=\"\" id=\"modal-2\">\n\t\t\t\t<div class=\"wp-block-navigation__responsive-close\" tabindex=\"-1\" data-micromodal-close>\n\t\t\t\t\t<div class=\"wp-block-navigation__responsive-dialog\" aria-label=\"Valikko\">\n\t\t\t\t\t\t\t<button aria-label=\"Sulje valikko\" data-micromodal-close class=\"wp-block-navigation__responsive-container-close\"><svg xmlns=\"http:\/\/www.w3.org\/2000\/svg\" viewBox=\"0 0 24 24\" width=\"24\" height=\"24\" aria-hidden=\"true\" focusable=\"false\"><path d=\"M13 11.8l6.1-6.3-1-1-6.1 6.2-6.1-6.2-1 1 6.1 6.3-6.5 6.7 1 1 6.5-6.6 6.5 6.6 1-1z\"><\/path><\/svg><\/button>\n\t\t\t\t\t\t<div class=\"wp-block-navigation__responsive-container-content\" id=\"modal-2-content\">\n\t\t\t\t\t\t\t<ul class=\"wp-block-navigation__container\"><li class=\" wp-block-navigation-item wp-block-navigation-link\"><a class=\"wp-block-navigation-item__content\"  href=\"https:\/\/www.pirkanmetsuri.fi\/\"><span class=\"wp-block-navigation-item__label\">Etusivu<\/span><\/a><\/li><li class=\" wp-block-navigation-item wp-block-navigation-link\"><a class=\"wp-block-navigation-item__content\"  href=\"https:\/\/www.pirkanmetsuri.fi\/index.php\/palvelut\/\"><span class=\"wp-block-navigation-item__label\">Palvelut<\/span><\/a><\/li><li class=\" wp-block-navigation-item wp-block-navigation-link\"><a class=\"wp-block-navigation-item__content\"  href=\"https:\/\/www.pirkanmetsuri.fi\/index.php\/ota-yhteytta\/\"><span class=\"wp-block-navigation-item__label\">Ota yhteytt\u00e4<\/span><\/a><\/li><\/ul>\n\t\t\t\t\t\t<\/div>\n\t\t\t\t\t<\/div>\n\t\t\t\t<\/div>\n\t\t\t<\/div><\/nav><\/div>\n<\/div>\n<\/div>\n\n\n\n<p class=\"has-x-large-font-size\">Palvelut<\/p>\n\n\n\n<p>Pirkan Metsuri kaataa huonokuntoiset tai v\u00e4\u00e4r\u00e4ss\u00e4 paikassa kasvavat puut sovitusti. Toimimme p\u00e4\u00e4s\u00e4\u00e4nt\u00f6isesti Nokian, Pirkkalan, Yl\u00f6j\u00e4rven sek\u00e4 Tampereen alueella mutta tarvittaessa palvelemme koko Pirkanmaan alueella.<\/p>\n\n\n\n<figure class=\"wp-block-image aligncenter size-large is-resized\"><img loading=\"lazy\" src=\"https:\/\/www.pirkanmetsuri.fi\/wp-content\/uploads\/2022\/11\/IMG-20221105-WA0001-1024x768.jpg\" alt=\"\" class=\"wp-image-120\" width=\"648\" height=\"485\" srcset=\"https:\/\/www.pirkanmetsuri.fi\/wp-content\/uploads\/2022\/11\/IMG-20221105-WA0001-1024x768.jpg 1024w, https:\/\/www.pirkanmetsuri.fi\/wp-content\/uploads\/2022\/11\/IMG-20221105-WA0001-300x225.jpg 300w, https:\/\/www.pirkanmetsuri.fi\/wp-content\/uploads\/2022\/11\/IMG-20221105-WA0001-768x576.jpg 768w, https:\/\/www.pirkanmetsuri.fi\/wp-content\/uploads\/2022\/11\/IMG-20221105-WA0001-1536x1152.jpg 1536w, https:\/\/www.pirkanmetsuri.fi\/wp-content\/uploads\/2022\/11\/IMG-20221105-WA0001.jpg 1600w\" sizes=\"(max-width: 648px) 100vw, 648px\" \/><\/figure>\n\n\n\n<div class=\"wp-container-13 wp-block-group\">\n<div class=\"wp-container-12 wp-block-group\">\n<div class=\"wp-container-11 wp-block-columns\">\n<div class=\"wp-container-10 wp-block-column\" style=\"flex-basis:100%\">\n<div class=\"wp-container-9 is-nowrap wp-block-group\">\n<div class=\"wp-container-8 wp-block-columns\">\n<div class=\"wp-container-7 wp-block-column\">\n<p class=\"has-large-font-size\">Pihapuunkaadot<\/p>\n\n\n\n<p class=\"has-small-font-size\">Pihapuiden kaatamiset teemme joko perinteisesti kaataen mik\u00e4li se on j\u00e4rkev\u00e4\u00e4 ja turvallista. Tarvittaessa kaadamme puut kiipeillen arboristity\u00f6n\u00e4. Valitsemme parhaan toimintatavan aina tapauskohtaisesti.<\/p>\n\n\n\n<p class=\"has-large-font-size\">Tuulenkaadot ja myrskytuhopuiden poistot<\/p>\n\n\n\n<p class=\"has-small-font-size\">Voimme tulla hoitamaan tuulenkaatamat tai myrskyss\u00e4 tuhoutuneiden puiden poistamiset tontilta nopeallakin aikataululla mik\u00e4li sille on tarve. <\/p>\n\n\n\n<p class=\"has-large-font-size\">Harvennukset<\/p>\n\n\n\n<p class=\"has-small-font-size\">Huomioimme puulajit ja kasvupaikkatyypit kuin suunnittelemme ja toteutamme harvennusmallien mukaiset harvennusty\u00f6t. Voimme konsultoida ja neuvoa oikean harvennusmallin valinnassa. <\/p>\n\n\n\n<p><\/p>\n<\/div>\n<\/div>\n<\/div>\n<\/div>\n<\/div>\n<\/div>\n<\/div>\n","protected":false},"excerpt":{"rendered":"<p>Palvelut Pirkan Metsuri kaataa huonokuntoiset tai v\u00e4\u00e4r\u00e4ss\u00e4 paikassa kasvavat puut sovitusti. Toimimme p\u00e4\u00e4s\u00e4\u00e4nt\u00f6isesti Nokian, Pirkkalan, Yl\u00f6j\u00e4rven sek\u00e4 Tampereen alueella mutta tarvittaessa palvelemme koko Pirkanmaan alueella. Pihapuunkaadot Pihapuiden kaatamiset teemme joko perinteisesti kaataen mik\u00e4li se on j\u00e4rkev\u00e4\u00e4 ja turvallista. Tarvittaessa kaadamme puut kiipeillen arboristity\u00f6n\u00e4. Valitsemme parhaan toimintatavan aina tapauskohtaisesti. Tuulenkaadot ja myrskytuhopuiden poistot Voimme tulla hoitamaan [&hellip;]<\/p>\n","protected":false},"author":1,"featured_media":0,"parent":0,"menu_order":2,"comment_status":"closed","ping_status":"closed","template":"wp-custom-template-etusivusta","meta":[],"_links":{"self":[{"href":"https:\/\/www.pirkanmetsuri.fi\/index.php\/wp-json\/wp\/v2\/pages\/119"}],"collection":[{"href":"https:\/\/www.pirkanmetsuri.fi\/index.php\/wp-json\/wp\/v2\/pages"}],"about":[{"href":"https:\/\/www.pirkanmetsuri.fi\/index.php\/wp-json\/wp\/v2\/types\/page"}],"author":[{"embeddable":true,"href":"https:\/\/www.pirkanmetsuri.fi\/index.php\/wp-json\/wp\/v2\/users\/1"}],"replies":[{"embeddable":true,"href":"https:\/\/www.pirkanmetsuri.fi\/index.php\/wp-json\/wp\/v2\/comments?post=119"}],"version-history":[{"count":6,"href":"https:\/\/www.pirkanmetsuri.fi\/index.php\/wp-json\/wp\/v2\/pages\/119\/revisions"}],"predecessor-version":[{"id":143,"href":"https:\/\/www.pirkanmetsuri.fi\/index.php\/wp-json\/wp\/v2\/pages\/119\/revisions\/143"}],"wp:attachment":[{"href":"https:\/\/www.pirkanmetsuri.fi\/index.php\/wp-json\/wp\/v2\/media?parent=119"}],"curies":[{"name":"wp","href":"https:\/\/api.w.org\/{rel}","templated":true}]}}